{"id":72,"date":"2018-04-06T06:42:30","date_gmt":"2018-04-06T06:42:30","guid":{"rendered":"https:\/\/muzeumbojkow.pl\/?page_id=72"},"modified":"2019-01-16T11:09:15","modified_gmt":"2019-01-16T11:09:15","slug":"zbiory","status":"publish","type":"page","link":"http:\/\/muzeumbojkow.pl\/?page_id=72","title":{"rendered":"Zbiory"},"content":{"rendered":"<h6 style=\"text-align: justify;\"><strong>Znaczn\u0105 cze\u015b\u0107 zbior\u00f3w&nbsp; Muzeum, prezentowanych na ekspozycjach, stanowi\u0105 dawne sprz\u0119ty rolnicze i domowe, wyroby rzemios\u0142a ludowego, meble, naczynia i tradycyjne tkaniny. S\u0105 to g\u0142\u00f3wnie wyroby r\u0119kodzielnicze, kt\u00f3re \u015bwiadcz\u0105 o kunszcie, umiej\u0119tno\u015bciach i wykorzystaniu \u015brodowiska naturalnego do zaspokojenia potrzeb bytowych i estetycznych dawnych mieszka\u0144c\u00f3w wsi. Eksponaty pochodz\u0105 z okresu od ko\u0144ca&nbsp; XIX w. do po\u0142owy XX w., a niekt\u00f3re u\u017cywane by\u0142y jeszcze kilkana\u015bcie lat temu.<\/strong><\/h6>\n<h6 style=\"text-align: justify;\"><strong>Cenny zbi\u00f3r muzeali\u00f3w stanowi\u0105 unikatowe stroje ludowe. S\u0105 to zar\u00f3wno stroje codzienne, wykonane r\u0119cznie z&nbsp; p\u0142\u00f3tna lnianego lub konopnego, jak i te\u017c od\u015bwi\u0119tne, zdobione pi\u0119knym haftem krzy\u017cykowym.<\/strong><\/h6>\n<h6 style=\"text-align: justify;\"><strong>W zbiorach muzeum znajduj\u0105 si\u0119 zabytki sakralne i przedmioty kultu religijnego. S\u0105 to naczynia liturgiczne z dawnych cerkwi, tabernakula, fragmenty ikonostasu, krzy\u017ce.<\/strong><\/h6>\n<h6 style=\"text-align: justify;\"><strong>Ciekawy zbi\u00f3r stanowi kolekcja oleodruk\u00f3w.<\/strong><\/h6>\n<h6 style=\"text-align: justify;\"><strong>Muzeum gromadzi r\u00f3wnie\u017c zbiory archiwalne: r\u0119kopisy, dokumenty, fotografie, przekazy i wspomnienia zarejestrowane na ta\u015bmach magnetofonowych.<\/strong><\/h6>\n<h6 style=\"text-align: justify;\"><strong>W muzeum znajduj\u0105 si\u0119 te\u017c nieliczne pami\u0105tki rodzinne po dawnych mieszka\u0144cach okolicznych dwor\u00f3w.<\/strong><\/h6>\n","protected":false},"excerpt":{"rendered":"<p>Znaczn\u0105 cze\u015b\u0107 zbior\u00f3w&nbsp; Muzeum, prezentowanych na ekspozycjach, stanowi\u0105 dawne sprz\u0119ty rolnicze i domowe, wyroby rzemios\u0142a ludowego, meble, naczynia i tradycyjne tkaniny. S\u0105 to g\u0142\u00f3wnie wyroby r\u0119kodzielnicze, kt\u00f3re \u015bwiadcz\u0105 o kunszcie, umiej\u0119tno\u015bciach i wykorzystaniu \u015brodowiska naturalnego do zaspokojenia potrzeb bytowych i estetycznych dawnych mieszka\u0144c\u00f3w wsi. Eksponaty pochodz\u0105 z okresu od ko\u0144ca&nbsp; XIX w. do po\u0142owy XX&hellip; <\/p>\n","protected":false},"author":1,"featured_media":0,"parent":0,"menu_order":0,"comment_status":"closed","ping_status":"closed","template":"","meta":{"ngg_post_thumbnail":0},"_links":{"self":[{"href":"http:\/\/muzeumbojkow.pl\/index.php?rest_route=\/wp\/v2\/pages\/72"}],"collection":[{"href":"http:\/\/muzeumbojkow.pl\/index.php?rest_route=\/wp\/v2\/pages"}],"about":[{"href":"http:\/\/muzeumbojkow.pl\/index.php?rest_route=\/wp\/v2\/types\/page"}],"author":[{"embeddable":true,"href":"http:\/\/muzeumbojkow.pl\/index.php?rest_route=\/wp\/v2\/users\/1"}],"replies":[{"embeddable":true,"href":"http:\/\/muzeumbojkow.pl\/index.php?rest_route=%2Fwp%2Fv2%2Fcomments&post=72"}],"version-history":[{"count":7,"href":"http:\/\/muzeumbojkow.pl\/index.php?rest_route=\/wp\/v2\/pages\/72\/revisions"}],"predecessor-version":[{"id":769,"href":"http:\/\/muzeumbojkow.pl\/index.php?rest_route=\/wp\/v2\/pages\/72\/revisions\/769"}],"wp:attachment":[{"href":"http:\/\/muzeumbojkow.pl\/index.php?rest_route=%2Fwp%2Fv2%2Fmedia&parent=72"}],"curies":[{"name":"wp","href":"https:\/\/api.w.org\/{rel}","templated":true}]}}