{"id":2160,"date":"2026-03-04T08:45:33","date_gmt":"2026-03-04T08:45:33","guid":{"rendered":"https:\/\/muzeumbojkow.pl\/?page_id=2160"},"modified":"2026-03-04T08:46:44","modified_gmt":"2026-03-04T08:46:44","slug":"wiejski-ryneczek","status":"publish","type":"page","link":"https:\/\/muzeumbojkow.pl\/?page_id=2160","title":{"rendered":"Wiejski Ryneczek"},"content":{"rendered":"\n<style>\n.dokumenty-table {\n  width: 100%;\n  border-collapse: collapse;\n  margin: 20px 0;\n  font-family: Arial, sans-serif;\n}\n\n.dokumenty-table th {\n  background-color: #1f3a5f;\n  color: #ffffff;\n  padding: 12px;\n  text-align: left;\n}\n\n.dokumenty-table td {\n  padding: 10px;\n  border-bottom: 1px solid #ddd;\n}\n\n.dokumenty-table tr:hover {\n  background-color: #f4f6f8;\n}\n\n.pobierz-btn {\n  display: inline-block;\n  padding: 6px 12px;\n  background-color: #2e8b57;\n  color: #ffffff !important;\n  border-radius: 4px;\n  font-size: 14px;\n  text-decoration: none;\n  font-weight: bold;\n}\n\n.pobierz-btn:hover {\n  background-color: #246b45;\n}\n<\/style>\n\n<table class=\"dokumenty-table\">\n  <thead>\n    <tr>\n      <th>Nazwa dokumentu<\/th>\n      <th>Format<\/th>\n      <th>Pobierz<\/th>\n    <\/tr>\n  <\/thead>\n  <tbody>\n    <tr>\n      <td>Karta zg\u0142oszenia wystawcy<\/td>\n      <td>PDF<\/td>\n      <td>\n        <a class=\"pobierz-btn\" href=\"http:\/\/goksolina.pl\/wp-content\/uploads\/2026\/03\/KARTA-ZGLOSZENIA-WYSTAWCY-pdf.pdf\" target=\"_blank\" rel=\"noopener\">\n           Pobierz\n        <\/a>\n      <\/td>\n    <\/tr>\n    <tr>\n      <td>Karta zg\u0142oszenia wystawcy<\/td>\n      <td>DOCX<\/td>\n      <td>\n        <a class=\"pobierz-btn\" href=\"http:\/\/goksolina.pl\/wp-content\/uploads\/2026\/03\/KARTA-ZGLOSZENIA-WYSTAWCY.docx\" target=\"_blank\" rel=\"noopener\">\n           Pobierz\n        <\/a>\n      <\/td>\n    <\/tr>\n    <tr>\n      <td>Regulamin dla wystawc\u00f3w<\/td>\n      <td>PDF<\/td>\n      <td>\n        <a class=\"pobierz-btn\" href=\"http:\/\/goksolina.pl\/wp-content\/uploads\/2026\/03\/regulamin-dla-wystawow-pdf.pdf\" target=\"_blank\" rel=\"noopener\">\n           Pobierz\n        <\/a>\n      <\/td>\n    <\/tr>\n  <\/tbody>\n<\/table>\n<br><b><br>\n\n","protected":false},"excerpt":{"rendered":"<p>Nazwa dokumentu Format Pobierz Karta zg\u0142oszenia wystawcy PDF Pobierz Karta zg\u0142oszenia wystawcy DOCX Pobierz Regulamin dla wystawc\u00f3w PDF Pobierz<\/p>\n","protected":false},"author":1,"featured_media":0,"parent":0,"menu_order":0,"comment_status":"closed","ping_status":"closed","template":"","meta":{"ngg_post_thumbnail":0},"_links":{"self":[{"href":"https:\/\/muzeumbojkow.pl\/index.php?rest_route=\/wp\/v2\/pages\/2160"}],"collection":[{"href":"https:\/\/muzeumbojkow.pl\/index.php?rest_route=\/wp\/v2\/pages"}],"about":[{"href":"https:\/\/muzeumbojkow.pl\/index.php?rest_route=\/wp\/v2\/types\/page"}],"author":[{"embeddable":true,"href":"https:\/\/muzeumbojkow.pl\/index.php?rest_route=\/wp\/v2\/users\/1"}],"replies":[{"embeddable":true,"href":"https:\/\/muzeumbojkow.pl\/index.php?rest_route=%2Fwp%2Fv2%2Fcomments&post=2160"}],"version-history":[{"count":2,"href":"https:\/\/muzeumbojkow.pl\/index.php?rest_route=\/wp\/v2\/pages\/2160\/revisions"}],"predecessor-version":[{"id":2163,"href":"https:\/\/muzeumbojkow.pl\/index.php?rest_route=\/wp\/v2\/pages\/2160\/revisions\/2163"}],"wp:attachment":[{"href":"https:\/\/muzeumbojkow.pl\/index.php?rest_route=%2Fwp%2Fv2%2Fmedia&parent=2160"}],"curies":[{"name":"wp","href":"https:\/\/api.w.org\/{rel}","templated":true}]}}