{"id":29,"date":"2016-03-22T18:21:25","date_gmt":"2016-03-22T18:21:25","guid":{"rendered":"https:\/\/muzeumbojkow.pl\/?page_id=29"},"modified":"2025-03-21T10:38:30","modified_gmt":"2025-03-21T10:38:30","slug":"galeria","status":"publish","type":"page","link":"https:\/\/muzeumbojkow.pl\/?page_id=29","title":{"rendered":"KONTAKT"},"content":{"rendered":"<h5 style=\"text-align: left;\"><strong>Muzeum Kultury Duchowej i Materialnej Bojk\u00f3w oraz Regionalne Centrum Kultury&nbsp;<\/strong><\/h5>\n<h5 style=\"text-align: left;\"><strong>Myczk\u00f3w 46,<\/strong><\/h5>\n<h5 style=\"text-align: left;\"><strong>38-610 Pola\u0144czyk<\/strong><\/h5>\n<h5 style=\"text-align: left;\"><strong>tel. 13 463 15 69<\/strong><\/h5>\n<h5 style=\"text-align: left;\"><strong>e-mail: <a href=\"mailto:poczta@muzeumbojkow.pl\">poczta@muzeumbojkow.pl<\/a><\/strong><\/h5>\n","protected":false},"excerpt":{"rendered":"<p>Muzeum Kultury Duchowej i Materialnej Bojk\u00f3w oraz Regionalne Centrum Kultury&nbsp; Myczk\u00f3w 46, 38-610 Pola\u0144czyk tel. 13 463 15 69 e-mail: poczta@muzeumbojkow.pl<\/p>\n","protected":false},"author":1,"featured_media":0,"parent":0,"menu_order":0,"comment_status":"closed","ping_status":"closed","template":"","meta":{"ngg_post_thumbnail":0},"_links":{"self":[{"href":"https:\/\/muzeumbojkow.pl\/index.php?rest_route=\/wp\/v2\/pages\/29"}],"collection":[{"href":"https:\/\/muzeumbojkow.pl\/index.php?rest_route=\/wp\/v2\/pages"}],"about":[{"href":"https:\/\/muzeumbojkow.pl\/index.php?rest_route=\/wp\/v2\/types\/page"}],"author":[{"embeddable":true,"href":"https:\/\/muzeumbojkow.pl\/index.php?rest_route=\/wp\/v2\/users\/1"}],"replies":[{"embeddable":true,"href":"https:\/\/muzeumbojkow.pl\/index.php?rest_route=%2Fwp%2Fv2%2Fcomments&post=29"}],"version-history":[{"count":17,"href":"https:\/\/muzeumbojkow.pl\/index.php?rest_route=\/wp\/v2\/pages\/29\/revisions"}],"predecessor-version":[{"id":1938,"href":"https:\/\/muzeumbojkow.pl\/index.php?rest_route=\/wp\/v2\/pages\/29\/revisions\/1938"}],"wp:attachment":[{"href":"https:\/\/muzeumbojkow.pl\/index.php?rest_route=%2Fwp%2Fv2%2Fmedia&parent=29"}],"curies":[{"name":"wp","href":"https:\/\/api.w.org\/{rel}","templated":true}]}}