{"id":412,"date":"2018-06-30T10:15:57","date_gmt":"2018-06-30T10:15:57","guid":{"rendered":"https:\/\/muzeumbojkow.pl\/?page_id=412"},"modified":"2018-06-30T11:08:51","modified_gmt":"2018-06-30T11:08:51","slug":"dokumentacja-rodo","status":"publish","type":"page","link":"https:\/\/muzeumbojkow.pl\/?page_id=412","title":{"rendered":"Dokumentacja RODO"},"content":{"rendered":"<h2 class=\"single-title\">POLITYKA BEZPIECZE\u0143STWA<\/h2>\n<h6><a href=\"http:\/\/esolina.pl\/wp-content\/uploads\/2018\/05\/1.-Polityka-Ochrony-Danych-Osobowych-GOKSiT-Pola%C5%84czyk.pdf\"><strong><span style=\"color: #333333;\">Polityka Ochrony Danych Osobowych<\/span> pobierz PDF<\/strong><\/a><\/h6>\n<h2>&nbsp;KLAUZULE INFORMACYJNE<\/h2>\n<ol>\n<li>\n<h6><strong>Klauzula informacyjna o przetwarzaniu danych osobowych w Gminnym O\u015brodku Kultury, Sportu i Turystyki w Solinie z\/s w Pola\u0144czyku<\/strong>&nbsp;\u2013<strong>&nbsp;<a href=\"http:\/\/esolina.pl\/wp-content\/uploads\/2018\/05\/Klauzula-Informacyjna-GOKSiT-Pola%C5%84czyk.pdf\">pobierz PDF<\/a>&nbsp; &nbsp;<\/strong><\/h6>\n<\/li>\n<li>\n<h6><strong>Klauzula informacyjna o systemie monitoringu<\/strong>&nbsp;<strong>w Gminnym O\u015brodku Kultury, Sportu i Turystyki w Solinie z\/s w Pola\u0144czyku \u2013&nbsp;<a href=\"http:\/\/esolina.pl\/wp-content\/uploads\/2018\/05\/Klauzula-informacyjna-monitoring.pdf\">pobierz PDF<\/a><\/strong><\/h6>\n<\/li>\n<li>\n<h6><strong>Klauzula informacyjna dla uczestnik\u00f3w konkurs\u00f3w i spotka\u0144 tematycznych&nbsp;<\/strong><strong>organizowanych przez&nbsp;<\/strong><strong>Gminny O\u015brodek Kultury, Sportu i Turystyki w Solinie z\/s w Pola\u0144czyku&nbsp;<\/strong><strong>dotycz\u0105ca przetwarzania danych osobowych (zgodnie z RODO) \u2013&nbsp;<a href=\"http:\/\/esolina.pl\/wp-content\/uploads\/2018\/05\/Klauzula-informacyjna-GOKSIT-konkursy.pdf\">pobierz PDF<\/a><\/strong><\/h6>\n<\/li>\n<\/ol>\n<h2 class=\"single-title\">&nbsp;<\/h2>\n<h6 class=\"addthis_sharing_toolbox\" data-url=\"http:\/\/esolina.pl\/klauzule-informacyjne\/\" data-title=\"Klauzule informacyjne \u00ab Gmina Solina\">&nbsp;<\/h6>\n","protected":false},"excerpt":{"rendered":"<p>POLITYKA BEZPIECZE\u0143STWA Polityka Ochrony Danych Osobowych pobierz PDF &nbsp;KLAUZULE INFORMACYJNE Klauzula informacyjna o przetwarzaniu danych osobowych w Gminnym O\u015brodku Kultury, Sportu i Turystyki w Solinie z\/s w Pola\u0144czyku&nbsp;\u2013&nbsp;pobierz PDF&nbsp; &nbsp; Klauzula informacyjna o systemie monitoringu&nbsp;w Gminnym O\u015brodku Kultury, Sportu i Turystyki w Solinie z\/s w Pola\u0144czyku \u2013&nbsp;pobierz PDF Klauzula informacyjna dla uczestnik\u00f3w konkurs\u00f3w i spotka\u0144&hellip; <\/p>\n","protected":false},"author":1,"featured_media":0,"parent":64,"menu_order":5,"comment_status":"closed","ping_status":"closed","template":"","meta":{"ngg_post_thumbnail":0},"_links":{"self":[{"href":"https:\/\/muzeumbojkow.pl\/index.php?rest_route=\/wp\/v2\/pages\/412"}],"collection":[{"href":"https:\/\/muzeumbojkow.pl\/index.php?rest_route=\/wp\/v2\/pages"}],"about":[{"href":"https:\/\/muzeumbojkow.pl\/index.php?rest_route=\/wp\/v2\/types\/page"}],"author":[{"embeddable":true,"href":"https:\/\/muzeumbojkow.pl\/index.php?rest_route=\/wp\/v2\/users\/1"}],"replies":[{"embeddable":true,"href":"https:\/\/muzeumbojkow.pl\/index.php?rest_route=%2Fwp%2Fv2%2Fcomments&post=412"}],"version-history":[{"count":8,"href":"https:\/\/muzeumbojkow.pl\/index.php?rest_route=\/wp\/v2\/pages\/412\/revisions"}],"predecessor-version":[{"id":424,"href":"https:\/\/muzeumbojkow.pl\/index.php?rest_route=\/wp\/v2\/pages\/412\/revisions\/424"}],"up":[{"embeddable":true,"href":"https:\/\/muzeumbojkow.pl\/index.php?rest_route=\/wp\/v2\/pages\/64"}],"wp:attachment":[{"href":"https:\/\/muzeumbojkow.pl\/index.php?rest_route=%2Fwp%2Fv2%2Fmedia&parent=412"}],"curies":[{"name":"wp","href":"https:\/\/api.w.org\/{rel}","templated":true}]}}