{"id":83,"date":"2018-04-06T06:52:34","date_gmt":"2018-04-06T06:52:34","guid":{"rendered":"https:\/\/muzeumbojkow.pl\/?page_id=83"},"modified":"2023-11-14T08:39:37","modified_gmt":"2023-11-14T08:39:37","slug":"regulaminy","status":"publish","type":"page","link":"https:\/\/muzeumbojkow.pl\/?page_id=83","title":{"rendered":"Regulaminy"},"content":{"rendered":"\n\n<p><a href=\"http:\/\/muzeumbojkow.pl\/wp-content\/uploads\/2023\/11\/zarzadzenie-6-2023.pdf\"> Zarz\u0105dzenie nr 6\/2023<\/a> Dyrektora Gminnego O\u015brodka Kultury, Sportu i Turystyki w Solinie z\/s w Pola\u0144czyku w sprawie nadania Regulaminu Gminnego Muzeum Kultury Duchowej i Materialnej Bojk\u00f3w w Myczkowie<\/p>\n<p><a href=\"http:\/\/muzeumbojkow.pl\/wp-content\/uploads\/2020\/11\/SC35320112012010.pdf\">Regulamin Gminnego Muzeum Kultury Duchowej i Materialnej Bojk\u00f3w w Myczkowie<\/a><\/p>\n<p><a href=\"http:\/\/muzeumbojkow.pl\/wp-content\/uploads\/2020\/11\/Zarzadzenie-nr-4-2019.pdf\">Zarz\u0105dzenie nr 4\/2019<\/a> Dyrektora Gminnego O\u015brodka Kultury, Sportu i Turystyki w Solinie z\/s w Pola\u0144czyku w sprawie nadania Regulaminu Zwiedzania Muzeum Kultury Duchowej i Materialnej Bojk\u00f3w oraz Regionalnego Centrum Kultury w Myczkowie<\/p>\n<p><a href=\"http:\/\/muzeumbojkow.pl\/wp-content\/uploads\/2020\/11\/Regulamin.pdf\">Regulamin zwiedzania Muzeum Kultury Duchowej i Materialnej Bojk\u00f3w oraz Regionalnego Centrum Kultury w Myczkowie<\/a><\/p>\n\n\n<p><br><a href=\"http:\/\/goksolina.pl\/wp-content\/uploads\/2021\/08\/zarzadzenie-13-2021.pdf\">Zarz\u0105dzenie nr 13\/2021<\/a> Dyrektora Gminnego O\u015brodka Kultury, Sportu i Turystyki w Solinie z\/s w Pola\u0144czyku z dnia 26 sierpnia 2021 r. w sprawie wprowadzenia Regulaminu Pozyskiwania i Klasyfikowania Muzeali\u00f3w do zbior\u00f3w Gminnego Muzeum Kultury Duchowej i Materialnej Bojk\u00f3w w Myczkowie przez Gminny O\u015brodek Kultury, Sportu i Turystyki w Solinie z\/s w Pola\u0144czyku. <a href=\"http:\/\/goksolina.pl\/wp-content\/uploads\/2021\/08\/regulamin.pdf\">Regulamin wraz z wzorami dokument\u00f3w<\/a><\/p>\n","protected":false},"excerpt":{"rendered":"<p>Zarz\u0105dzenie nr 6\/2023 Dyrektora Gminnego O\u015brodka Kultury, Sportu i Turystyki w Solinie z\/s w Pola\u0144czyku w sprawie nadania Regulaminu Gminnego Muzeum Kultury Duchowej i Materialnej Bojk\u00f3w w Myczkowie Regulamin Gminnego Muzeum Kultury Duchowej i Materialnej Bojk\u00f3w w Myczkowie Zarz\u0105dzenie nr 4\/2019 Dyrektora Gminnego O\u015brodka Kultury, Sportu i Turystyki w Solinie z\/s w Pola\u0144czyku w sprawie&hellip; <\/p>\n","protected":false},"author":1,"featured_media":0,"parent":0,"menu_order":0,"comment_status":"closed","ping_status":"closed","template":"","meta":{"ngg_post_thumbnail":0},"_links":{"self":[{"href":"https:\/\/muzeumbojkow.pl\/index.php?rest_route=\/wp\/v2\/pages\/83"}],"collection":[{"href":"https:\/\/muzeumbojkow.pl\/index.php?rest_route=\/wp\/v2\/pages"}],"about":[{"href":"https:\/\/muzeumbojkow.pl\/index.php?rest_route=\/wp\/v2\/types\/page"}],"author":[{"embeddable":true,"href":"https:\/\/muzeumbojkow.pl\/index.php?rest_route=\/wp\/v2\/users\/1"}],"replies":[{"embeddable":true,"href":"https:\/\/muzeumbojkow.pl\/index.php?rest_route=%2Fwp%2Fv2%2Fcomments&post=83"}],"version-history":[{"count":13,"href":"https:\/\/muzeumbojkow.pl\/index.php?rest_route=\/wp\/v2\/pages\/83\/revisions"}],"predecessor-version":[{"id":1763,"href":"https:\/\/muzeumbojkow.pl\/index.php?rest_route=\/wp\/v2\/pages\/83\/revisions\/1763"}],"wp:attachment":[{"href":"https:\/\/muzeumbojkow.pl\/index.php?rest_route=%2Fwp%2Fv2%2Fmedia&parent=83"}],"curies":[{"name":"wp","href":"https:\/\/api.w.org\/{rel}","templated":true}]}}